rime factors of 1038224?
2, 11, 17, 347
List the prime factors of 582785.
5, 7, 16651
What are the prime factors of 1474476?
2, 3, 19, 29, 223
List the prime factors of 450437.
13, 34649
List the prime factors of 14459903.
14459903
What are the prime factors of 184549?
179, 1031
What are the prime factors of 10026983?
331, 30293
What are the prime factors of 3094129?
3094129
What are the prime factors of 20971808?
2, 11, 13, 4583
List the prime factors of 12654193.
2843, 4451
What are the prime factors of 96842?
2, 41, 1181
List the prime factors of 201635.
5, 7, 823
What are the prime factors of 2283553?
19, 31, 3877
What are the prime factors of 2509528?
2, 7, 41, 1093
What are the prime factors of 12273536?
2, 11, 23, 379
List the prime factors of 10934199.
3, 67, 18133
What are the prime factors of 42763?
7, 41, 149
List the prime factors of 7256086.
2, 23, 233, 677
List the prime factors of 11116878.
2, 3, 17, 73, 1493
List the prime factors of 13950244.
2, 7, 11, 45293
List the prime factors of 762261.
3, 19, 43, 311
List the prime factors of 2324116.
2, 581029
What are the prime factors of 2249751?
3, 7, 149, 719
List the prime factors of 265412.
2, 7, 9479
List the prime factors of 126648.
2, 3, 1759
What are the prime factors of 2362953?
3, 41, 19211
List the prime factors of 29362622.
2, 103, 142537
List the prime factors of 3100944.
2, 3, 7, 11, 839
List the prime factors of 243422.
2, 121711
What are the prime factors of 986713?
7, 13, 1549
What are the prime factors of 362549?
11, 23, 1433
List the prime factors of 825904.
2, 41, 1259
List the prime factors of 265110.
2, 3, 5, 8837
What are the prime factors of 906243?
3, 13, 19, 1223
List the prime factors of 2060342.
2, 263, 3917
What are the prime factors of 225616?
2, 59, 239
What are the prime factors of 1206899?
19, 63521
What are the prime factors of 1055785?
5, 17, 12421
List the prime factors of 6942830.
2, 5, 419, 1657
List the prime factors of 7613091.
3, 19, 211
What are the prime factors of 8828974?
2, 7, 11, 57331
What are the prime factors of 3746780?
2, 5, 187339
What are the prime factors of 15180086?
2, 41, 185123
List the prime factors of 3233030.
2, 5, 271, 1193
List the prime factors of 11391.
3, 3797
What are the prime factors of 221077?
221077
List the prime factors of 1695692.
2, 223, 1901
List the prime factors of 206541.
3, 53, 433
List the prime factors of 194867.
194867
What are the prime factors of 1038933?
3, 7, 23, 239
What are the prime factors of 112098?
2, 3, 7, 17, 157
What are the prime factors of 472649?
59, 8011
What are the prime factors of 857699?
53, 16183
List the prime factors of 25896070.
2, 5, 2589607
List the prime factors of 13605059.
13, 137, 7639
List the prime factors of 2742151.
17, 161303
List the prime factors of 1543780.
2, 5, 7, 11027
What are the prime factors of 4779615?
3, 5, 318641
What are the prime factors of 3091811?
3091811
List the prime factors of 153712.
2, 13, 739
What are the prime factors of 11289152?
2, 7, 113, 223
List the prime factors of 448560.
2, 3, 5, 7, 89
List the prime factors of 5755676.
2, 1438919
What are the prime factors of 990293?
990293
List the prime factors of 1318501.
149, 8849
List the prime factors of 391140.
2, 3, 5, 41, 53
What are the prime factors of 804882?
2, 3, 13, 17, 607
What are the prime factors of 37434974?
2, 1301, 14387
What are the prime factors of 103637?
37, 2801
List the prime factors of 390484.
2, 41, 2381
What are the prime factors of 102339?
3, 83, 137
What are the prime factors of 1100294?
2, 13, 101, 419
What are the prime factors of 1409977?
1409977
What are the prime factors of 2403150?
2, 3, 5, 37, 433
What are the prime factors of 3606256?
2, 263, 857
List the prime factors of 66810.
2, 3, 5, 17, 131
What are the prime factors of 87070?
2, 5, 8707
What are the prime factors of 13328860?
2, 5, 421, 1583
What are the prime factors of 1003457?
7, 13, 11027
List the prime factors of 160242.
2, 3, 17, 1571
List the prime factors of 21987735.
3, 5, 7, 11, 19037
List the prime factors of 83719.
83719
What are the prime factors of 1040219?
1040219
What are the prime factors of 2730?
2, 3, 5, 7, 13
What are the prime factors of 24306815?
5, 13, 373951
List the prime factors of 8631013.
163, 52951
What are the prime factors of 15421807?
15421807
What are the prime factors of 27031918?
2, 13515959
What are the prime factors of 383625?
3, 5, 11, 31
List the prime factors of 989013.
3, 329671
List the prime factors of 244951.
7, 4999
What are the prime factors of 7233628?
2, 107, 16901
List the prime factors of 1785831.
3, 595277
What are the prime factors of 15905034?
2, 3, 883613
List the prime factors of 2922400.
2, 5, 13, 281
List the prime factors of 1212641.
1212641
List the prime factors of 1893815.
5, 7, 11, 4919
What are the prime factors of 512358?
2, 3, 7, 11, 1109
What are the prime factors of 272972?
2, 7, 9749
What are the prime factors of 840766?
2, 420383
List the prime factors of 92708.
2, 7, 11, 43
List the prime factors of 1600937.
13, 9473
List the prime factors of 9545411.
9545411
List the prime factors of 2124933.
3, 708311
List the prime factors of 445770.
2, 3, 5, 13, 127
List the prime factors of 36402.
2, 3, 6067
What are the prime factors of 30198313?
2099, 14387
List the prime factors of 7756635.
3, 5, 23, 22483
List the prime factors of 937357.
43, 21799
List the prime factors of 315495.
3, 5, 19, 41
List the prime factors of 1191662.
2, 67, 8893
What are the prime factors of 1527860?
2, 5, 79, 967
List the prime factors of 208420.
2, 5, 17, 613
List the prime factors of 36691.
36691
List the prime factors of 1006368.
2, 3, 11, 953
List the prime factors of 549450.
2, 3, 5, 11, 37
List the prime factors of 1198994.
2, 487, 1231
What are the prime factors of 3750744?
2, 3, 17, 29, 317
What are the prime factors of 3746738?
2, 479, 3911
List the prime factors of 4751861.
2111, 2251
List the prime factors of 1288424.
2, 161053
List the prime factors of 41110.
2, 5, 4111
List the prime factors of 24593374.
2, 13, 945899
List the prime factors of 1568271.
3, 522757
What are the prime factors of 585127?
137, 4271
List the prime factors of 1849384.
2, 19, 23
List the prime factors of 47884.
2, 11971
What are the prime factors of 13988600?
2, 5, 23, 3041
List the prime factors of 411388.
2, 19, 5413
What are the prime factors of 348629?
348629
List the prime factors of 198550.
2, 5, 11, 19
What are the prime factors of 12251678?
2, 47, 130337
List the prime factors of 3344568.
2, 3, 23, 73, 83
List the prime factors of 54834.
2, 3, 13, 19, 37
List the prime factors of 393900.
2, 3, 5, 13, 101
What are the prime factors of 495776?
2, 15493
List the prime factors of 2085571.
23, 90677
What are the prime factors of 113300?
2, 5, 11, 103
List the prime factors of 14414687.
7, 197, 10453
List the prime factors of 700866.
2, 3, 12979
List the prime factors of 947630.
2, 5, 193, 491
List the prime factors of 8861750.
2, 5, 35447
List the prime factors of 3860643.
3, 1286881
What are the prime factors of 261078?
2, 3, 53, 821
What are the prime factors of 4714820?
2, 5, 11, 29, 739
List the prime factors of 1784.
2, 223
List the prime factors of 871295.
5, 174259
List the prime factors of 565699.
479, 1181
List the prime factors of 3002446.
2, 1501223
What are the prime factors of 4244261?
7, 606323
What are the prime factors of 539920?
2, 5, 17, 397
List the prime factors of 1387694.
2, 7, 11, 9011
What are the prime factors of 6749786?
2, 3374893
List the prime factors of 424573.
424573
What are the prime factors of 104005?
5, 11, 31, 61
What are the prime factors of 1527?
3, 509
List the prime factors of 1398690.
2, 3, 5, 15541
List the prime factors of 83765.
5, 11, 1523
What are the prime factors of 496312?
2, 62039
What are the prime factors of 15602826?
2, 3, 37, 67, 1049
List the prime factors of 5237455.
5, 1047491
List the prime factors of 173150.
2, 5, 3463
What are the prime factors of 16213990?
2, 5, 13, 191, 653
What are the prime factors of 74047?
74047
What are the prime factors of 3819123?
3, 7, 11, 167
What are the prime factors of 12674888?
2, 521, 3041
List the prime factors of 569323.
569323
What are the prime factors of 650803?
83, 7841
W